ivided by 1290?
1285
Calculate the remainder when 905831 is divided by 2779.
2656
What is the remainder when 2731049 is divided by 227?
12
What is the remainder when 3097506 is divided by 309728?
226
Calculate the remainder when 1772068 is divided by 885974.
120
What is the remainder when 4942561 is divided by 1183?
1170
What is the remainder when 155435 is divided by 6430?
1115
What is the remainder when 1216885 is divided by 924?
901
What is the remainder when 22603272 is divided by 3767209?
18
What is the remainder when 3025831 is divided by 35?
11
Calculate the remainder when 293154 is divided by 19543.
9
Calculate the remainder when 3322184 is divided by 71.
23
What is the remainder when 50928374 is divided by 3758?
3716
What is the remainder when 2947554 is divided by 173376?
162
Calculate the remainder when 87821 is divided by 3922.
1537
Calculate the remainder when 783385 is divided by 3128.
1385
Calculate the remainder when 9348 is divided by 207.
33
Calculate the remainder when 4286128 is divided by 308.
0
Calculate the remainder when 2024219 is divided by 1012107.
5
What is the remainder when 876465 is divided by 219105?
45
What is the remainder when 777341 is divided by 155155?
1566
What is the remainder when 2038929 is divided by 2917?
2863
What is the remainder when 41695 is divided by 8069?
1350
Calculate the remainder when 59152 is divided by 11816.
72
Calculate the remainder when 44409 is divided by 72.
57
Calculate the remainder when 317785 is divided by 317761.
24
Calculate the remainder when 17077 is divided by 12380.
4697
What is the remainder when 867487 is divided by 34699?
12
Calculate the remainder when 1484960 is divided by 413.
225
What is the remainder when 120292 is divided by 120138?
154
What is the remainder when 37500 is divided by 982?
184
Calculate the remainder when 192908687 is divided by 631.
629
Calculate the remainder when 245330 is divided by 4627.
99
Calculate the remainder when 839491 is divided by 279826.
13
What is the remainder when 33624674 is divided by 16812306?
62
Calculate the remainder when 59037 is divided by 2000.
1037
What is the remainder when 743295 is divided by 561?
531
Calculate the remainder when 14283877 is divided by 16475.
52
Calculate the remainder when 3404123 is divided by 565.
563
What is the remainder when 13699830 is divided by 210766?
40
What is the remainder when 5617115 is divided by 13?
10
What is the remainder when 58538146 is divided by 1746?
4
Calculate the remainder when 49683 is divided by 46177.
3506
Calculate the remainder when 3931541 is divided by 1133.
31
Calculate the remainder when 8881120 is divided by 493395.
10
Calculate the remainder when 6596769 is divided by 4847.
2
Calculate the remainder when 15502257 is divided by 13.
4
Calculate the remainder when 1906879 is divided by 154.
51
What is the remainder when 664283 is divided by 5194?
4645
What is the remainder when 512472 is divided by 9171?
8067
Calculate the remainder when 7499311 is divided by 1874817.
43
Calculate the remainder when 342480925 is divided by 668.
665
What is the remainder when 1151400 is divided by 8919?
849
What is the remainder when 52032 is divided by 2835?
1002
Calculate the remainder when 186866987 is divided by 251.
248
What is the remainder when 200433 is divided by 170?
3
What is the remainder when 23442462 is divided by 15?
12
What is the remainder when 1410288 is divided by 470090?
18
Calculate the remainder when 286278372 is divided by 1463.
1458
What is the remainder when 14671 is divided by 6482?
1707
Calculate the remainder when 2518683 is divided by 3782.
3653
Calculate the remainder when 2181472 is divided by 14543.
22
What is the remainder when 2748790 is divided by 19?
3
What is the remainder when 5656501 is divided by 3596?
3589
What is the remainder when 358452 is divided by 104?
68
What is the remainder when 3012837 is divided by 666?
519
What is the remainder when 18181096 is divided by 292?
8
What is the remainder when 24679457 is divided by 1196?
1193
Calculate the remainder when 179101167 is divided by 746.
741
Calculate the remainder when 1188963 is divided by 169759.
650
What is the remainder when 5826969 is divided by 10?
9
Calculate the remainder when 1328933 is divided by 335.
323
What is the remainder when 14809468 is divided by 560?
268
Calculate the remainder when 77947 is divided by 147.
37
Calculate the remainder when 204928 is divided by 2926.
108
What is the remainder when 1485 is divided by 132?
33
Calculate the remainder when 41073567 is divided by 26.
15
Calculate the remainder when 76718 is divided by 14532.
4058
Calculate the remainder when 944130 is divided by 1674.
1668
What is the remainder when 440542 is divided by 263?
17
Calculate the remainder when 2201 is divided by 1092.
17
Calculate the remainder when 63861184 is divided by 31930556.
72
Calculate the remainder when 34090680 is divided by 195.
0
Calculate the remainder when 4046439 is divided by 194.
181
Calculate the remainder when 46501 is divided by 42924.
3577
Calculate the remainder when 506295 is divided by 1351.
1021
Calculate the remainder when 21382882 is divided by 535.
2
What is the remainder when 3064618 is divided by 15554?
480
What is the remainder when 2978356 is divided by 333?
4
Calculate the remainder when 3161 is divided by 2055.
1106
What is the remainder when 1209262 is divided by 1209059?
203
Calculate the remainder when 52522 is divided by 343.
43
Calculate the remainder when 426816 is divided by 17.
14
What is the remainder when 2263699 is divided by 1571?
1459
Calculate the remainder when 372874452 is divided by 386.
382
What is the remainder when 2868763 is divided by 288?
283
What is the remainder when 414791 is divided by 25904?
327
Calculate the remainder when 8190007 is divided by 58.
1
Calculate the remainder when 48390797 is divided by 1518.
1511
What is the remainder when 2051444 is divided by 2057?
615
What is the remainder when 7703 is divided by 3096?
1511
What is the remainder when 150121 is divided by 8334?
109
Calculate the remainder when 505143 is divided by 505100.
43
Calculate the remainder when 118863 is divided by 780.
303
Calculate the remainder when 1680401 is divided by 1901.
1818
Calculate the remainder when 12477371 is divided by 6238619.
133
What is the remainder when 30353959 is divided by 3372661?
10
Calculate the remainder when 201577 is divided by 58.
27
What is the remainder when 1069812 is divided by 714?
240
What is the remainder when 2719260 is divided by 91?
89
Calculate the remainder when 212839 is divided by 656.
295
Calculate the remainder when 53335993 is divided by 88.
73
What is the remainder when 11437267 is divided by 91?
23
What is the remainder when 657359 is divided by 93904?
31
Calculate the remainder when 7461762 is divided by 2509.
2505
Calculate the remainder when 128663 is divided by 11252.
4891
Calculate the remainder when 9676 is divided by 5632.
4044
What is the remainder when 1420081 is divided by 283?
270
Calculate the remainder when 4639849 is divided by 3523.
58
Calculate the remainder when 152355 is divided by 50716.
207
What is the remainder when 19061002 is divided by 9800?
2
What is the remainder when 58318903 is divided by 38?
37
Calculate the remainder when 159879 is divided by 31569.
2034
What is the remainder when 1086419 is divided by 3471?
3467
Calculate the remainder when 7451802 is divided by 9949.
1
Calculate the remainder when 249331979 is divided by 54.
47
Calculate the remainder when 1665916 is divided by 95.
91
Calculate the remainder when 203632689 is divided by 12206.
12197
What is the remainder when 19409 is divided by 2803?
2591
What is the remainder when 540864 is divided by 9161?
365
Calculate the remainder when 33724 is divided by 2813.
2781
What is the remainder when 18852450 is divided by 18852444?
6
Calculate the remainder when 21983510 is divided by 584.
582
What is the remainder when 820419 is divided by 193?
169
What is the remainder when 331563 is divided by 438?
435
What is the remainder when 2561069 is divided by 5?
4
What is the remainder when 111225 is divided by 686?
93
What is the remainder when 7041297 is divided by 5932?
13
Calculate the remainder when 56295344 